{"id":65,"date":"2012-04-12T00:48:50","date_gmt":"2012-04-11T22:48:50","guid":{"rendered":"http:\/\/biblischeauslegung.de\/?page_id=65"},"modified":"2023-08-25T13:10:19","modified_gmt":"2023-08-25T11:10:19","slug":"methodendiskussion","status":"publish","type":"page","link":"http:\/\/biblischeauslegung.de\/?page_id=65","title":{"rendered":"Methodendiskussion"},"content":{"rendered":"<ul>\n<li>Ballhorn, Egbert\/Steins, Georg (Hg.), Der Bibelkanon in der Bibelauslegung. Methodenreflexionen und Beispielexegesen, Stuttgart u.a.: Kohlhammer, 2007.<\/li>\n<li>Dohmen, Christoph, Art. Exegese, in:\u00a0<em>Lexikon f\u00fcr Theologie und\u00a0Kirche (3. Auflage)<\/em> 3 (1995) 1087\u20131096.<\/li>\n<li>Dohmen, Christoph,\u00a0Wenn Texte Texte ver\u00e4ndern. Spuren der Kanonisierung der Tora vom Exodusbuch her, in:\u00a0Zenger, Erich\u00a0(Hg.),\u00a0<em>Die Tora als Kanon f\u00fcr Juden und Christen<\/em>, Freiburg: Herder, 1996, 35\u201360.<\/li>\n<li>Dohmen, Christoph, Untergang oder Rettung der Quellenscheidung? Die Sintfluterz\u00e4hlung als Pr\u00fcfstein der Pentateuchexegese, in: W\u00e9nin, A. (Hg.),\u00a0<em>Studies in the Book of Genesis. Literature, Redaction and History<\/em>, BEThL 155, Leuven: Peeters, 2001, 81\u2013104.<\/li>\n<li>Dohmen, Christoph, Das Zelt au\u00dferhalb des Lagers. Exodus 33,7\u201311 zwischen Synchronie und Diachronie, in: Kiesow, Klaus\/Meurer, Thomas (Hg.),\u00a0<em>Textarbeit. Studien zu Texten und ihrer Rezeption aus dem Alten Testament und der Umwelt Israels<\/em> (FS Peter Weimar), M\u00fcnster: Ugarit-Verlag, 2003, 157\u2013169.<\/li>\n<li>Dohmen, Christoph\/Steins, Georg, Art.\u00a0<a title=\"Einf\u00fchrung\" href=\"http:\/\/biblischeauslegung.de\/?page_id=11\">Schriftauslegung<\/a>, in:\u00a0<em>Lexikon f\u00fcr Theologie und Kirche (3. Auflage)<\/em> 9 (2000) 253\u2013256.<\/li>\n<li>Gro\u00df, Walter, Ist biblisch-theologische Auslegung ein integrierender Methodenschritt?, in: Hossfeld, Frank-Lothar (Hg.),\u00a0<em>Wieviel Systematik erlaubt die Schrift? Auf der Suche nach einer gesamtbiblischen Theologie<\/em>, QD 185, Freiburg: Herder, 2001, 110\u2013149.<\/li>\n<li>Hieke, Thomas, Vom Verstehen biblischer Texte. Methodologisch-hermeneutische Erw\u00e4gungen zum Programm einer \u00bbbiblischen Auslegung\u00ab, in:\u00a0<em>Biblische Notizen <\/em>119\/120 (2003) 71-89.\u00a0<a href=\"http:\/\/biblischeauslegung.de\/wp-content\/uploads\/2012\/04\/TH_verstehen.pdf\" target=\"_blank\" rel=\"noopener\">PDF-Datei<\/a><\/li>\n<li>Hieke, Thomas (Hg.), <em>Formen des Kanons. Studien zu Auspr\u00e4gungen des biblischen Kanons von der Antike bis zum 19. Jahrhundert <\/em>(SBS 228), Stuttgart: Katholisches Bibelwerk, 2013. ISBN 978-3-460-03284-2. <a title=\"English Abstracts\" href=\"http:\/\/biblischeauslegung.de\/?page_id=53\">Abstract<\/a><\/li>\n<li>Hieke, Thomas\/Nicklas, Tobias,\u00a0<em>\u00bbDie Worte der Prophetie dieses Buches\u00ab. Offenbarung 22,6-21 als Schlussstein der christlichen Bibel Alten und Neuen Testaments gelesen<\/em>, Biblisch-Theologische Studien 62, Neukirchen-Vluyn: Neukirchener, 2003.<\/li>\n<li>Hieke, Thomas; Sch\u00f6ning, Benedict, <em>Methoden alttestamentlicher Exegese <\/em>(Theologie kompakt), Darmstadt: Wissenschaftliche Buchgesellschaft, 2017. (ISBN 978-3-534-26877-1) <a href=\"https:\/\/www.wbg-wissenverbindet.de\/shop\/29466\/methoden-alttestamentlicher-exegese\" target=\"_blank\" rel=\"noopener\">Link<\/a><\/li>\n<li>Link, Hannelore,\u00a0<em>Rezeptionsforschung. Eine Einf\u00fchrung in Methoden und Probleme<\/em>, Stuttgart\u00a0 u.a.: Kohlhammer, 1980.<\/li>\n<li>Lohfink, Norbert, Eine Bibel \u2013 zwei Testamente, in: Dohmen, Christoph\/S\u00f6ding, Thomas (Hg.),\u00a0<em>Eine Bibel \u2013 zwei Testamente<\/em>, UTB 1893, Paderborn: Sch\u00f6ningh, 1995, 71\u201381.<\/li>\n<li>Nicklas, Tobias, Literarkritik und Leserrezeption. Ein Beitrag zur Methodendiskussion am Beispiel Joh 3,22\u20134,3, in:\u00a0<em>Biblica<\/em> 83 (2002) 175\u2013192.<\/li>\n<li>Niebuhr, K.-W., Exegese im kanonischen Zusammenhang. \u00dcberlegungen zur theologischen Relevanz der Gestalt des neutestamentlichen Kanons, in: Jonge, Henk Jan de\/ Auwers, Jean-Marie (Hg.),\u00a0<em>The Biblical Canons<\/em>, BEThL 163, Leuven: Peeters, 2003, 557-584.<\/li>\n<li>P\u00e4pstliche Bibelkommission,\u00a0<em>Die Interpretation der Bibel in der Kirche<\/em>, Verlautbarungen des Apostolischen Stuhls 115, Bonn: Sekretariat der Deutschen Bischofskonferenz, 1996.<\/li>\n<li>P\u00e4pstliche Bibelkommission,\u00a0<em>Das j\u00fcdische Volk und seine Heilige Schrift in der christlichen Bibel<\/em>, Verlautbarungen des Apostolischen Stuhls 152, Bonn: Sekretariat der Deutschen Bischofskonferenz, 2001.<\/li>\n<li>Scholtissek, Klaus, Relecture und r\u00e9\u00e9criture: Neue Paradigmen zu Methode und Inhalt der Johannesauslegung, in:\u00a0<em>Theologie und Philosophie<\/em> 75 (2000) 1\u201329.<\/li>\n<li>Schwienhorst-Sch\u00f6nberger, Ludger, Einheit statt Eindeutigkeit. Paradigmenwechsel in der Bibelwissenschaft?, in: Herder Korrespondenz 57 (2003\/8) 412-417.<\/li>\n<li>Steins, Georg,\u00a0<em>Die \u201eBindung Isaaks\u201c im Kanon (Gen 22). Grundlagen und Programm einer kanonisch-intertextuellen Lekt\u00fcre<\/em>, HBS 20, Freiburg: Herder, 1999.<\/li>\n<li>Steins, Georg, Der Bibelkanon als Text und Denkmal. Zu einigen methodologischen Problemen kanonischer Schriftauslegung, in: Jonge, Henk Jan de\/ Auwers, Jean-Marie (Hg.),\u00a0<em>The Biblical Canons<\/em>, BEThL 163, Leuven: Peeters, 2003, 177\u2013198.<\/li>\n<li>Steins, Georg, Kanonisch lesen, in: Utzschneider, Helmut\/Blum, Erhard (Hg.),\u00a0<em>Lesarten der Bibel. Untersuchungen zu einer Theorie der Exegese des Alten Testaments<\/em>, Stuttgart: W. Kohlhammer, 2006, 45-64.<\/li>\n<li>Steins, Georg, Der Kanon ist der erste Kontext. Oder: Zur\u00fcck an den Anfang!, in:\u00a0<em>Bibel und Kirche<\/em> 62 (2007) 116-121.<\/li>\n<li>Steins, Georg,\u00a0<em>Kanonisch-intertextuelle Studien zum Alten Testament<\/em>, SBAB 48, Stuttgart 2009.<\/li>\n<li>Trimpe, Birgit,\u00a0<em>Von der Sch\u00f6pfung bis zur Zerstreuung. Intertextuelle Interpretationen der biblischen Urgeschichte (Gen 1\u201311)<\/em>, Osnabr\u00fccker Studien zur J\u00fcdischen und Christlichen Bibel, Osnabr\u00fcck: Universit\u00e4tsverlag Rasch, 2000.<\/li>\n<li>Utzschneider, Helmut,\u00a0<em>Text \u2013 Leser \u2013 Autor. Bestandsaufnahme und Prolegomena zu einer Theorie der Exegese<\/em>, in:\u00a0<em>Biblische Zeitschrift<\/em> 43 (1999) 224\u2013238.<\/li>\n<li>Veijola, Timo,\u00a0<em>Text, Wissenschaft und Glaube. \u00dcberlegungen eines Alttestamentlers zur L\u00f6sung des Grundproblems der biblischen Hermeneutik<\/em>, in:\u00a0<em>Jahrbuch f\u00fcr Biblische Theologie<\/em> 15 (2000) 313\u2013339.<\/li>\n<\/ul>\n<p>&nbsp;<\/p>\n","protected":false},"excerpt":{"rendered":"<p>Ballhorn, Egbert\/Steins, Georg (Hg.), Der Bibelkanon in der Bibelauslegung. Methodenreflexionen und Beispielexegesen, Stuttgart u.a.: Kohlhammer, 2007. Dohmen, Christoph, Art. Exegese, in:\u00a0Lexikon f\u00fcr Theologie und\u00a0Kirche (3. Auflage) 3 (1995) 1087\u20131096. Dohmen, Christoph,\u00a0Wenn Texte Texte ver\u00e4ndern. Spuren der Kanonisierung der Tora vom &hellip; <a href=\"http:\/\/biblischeauslegung.de\/?page_id=65\">Continue reading <span class=\"meta-nav\">&rarr;<\/span><\/a><\/p>\n","protected":false},"author":1,"featured_media":0,"parent":2,"menu_order":1,"comment_status":"closed","ping_status":"closed","template":"","meta":{"footnotes":""},"class_list":["post-65","page","type-page","status-publish","hentry"],"_links":{"self":[{"href":"http:\/\/biblischeauslegung.de\/index.php?rest_route=\/wp\/v2\/pages\/65","targetHints":{"allow":["GET"]}}],"collection":[{"href":"http:\/\/biblischeauslegung.de\/index.php?rest_route=\/wp\/v2\/pages"}],"about":[{"href":"http:\/\/biblischeauslegung.de\/index.php?rest_route=\/wp\/v2\/types\/page"}],"author":[{"embeddable":true,"href":"http:\/\/biblischeauslegung.de\/index.php?rest_route=\/wp\/v2\/users\/1"}],"replies":[{"embeddable":true,"href":"http:\/\/biblischeauslegung.de\/index.php?rest_route=%2Fwp%2Fv2%2Fcomments&post=65"}],"version-history":[{"count":7,"href":"http:\/\/biblischeauslegung.de\/index.php?rest_route=\/wp\/v2\/pages\/65\/revisions"}],"predecessor-version":[{"id":191,"href":"http:\/\/biblischeauslegung.de\/index.php?rest_route=\/wp\/v2\/pages\/65\/revisions\/191"}],"up":[{"embeddable":true,"href":"http:\/\/biblischeauslegung.de\/index.php?rest_route=\/wp\/v2\/pages\/2"}],"wp:attachment":[{"href":"http:\/\/biblischeauslegung.de\/index.php?rest_route=%2Fwp%2Fv2%2Fmedia&parent=65"}],"curies":[{"name":"wp","href":"https:\/\/api.w.org\/{rel}","templated":true}]}}